492 - b**2 + 8*b - 4497 + 6*b**2. Give d(s).
-5
Suppose -10 = 6*s - 46. Let h(y) = -5*y - 2 + s*y - 2*y. Let n = 1 - 6. What is h(n)?
3
Let u(z) be the second derivative of 7*z**4/24 - 7*z**3/6 - 123*z**2 - 135*z. Let v(c) be the first derivative of u(c). Calculate v(6).
35
Suppose 3*v - v = -2*v. Suppose 56*n - 17*n = v. Let x(u) = -u - 25. Calculate x(n).
-25
Let s be 15/(-2 + -1) - -34. Let q(n) = n - 41. Calculate q(s).
-12
Suppose 3*r - 2*y + 7 = 0, -5*y = 4*r + r - 30. Suppose -2*s = -5 + r. Let u(b) = b**2 + 0*b - 8 - 8*b - s*b**2. Determine u(-6).
4
Let w(j) = 2*j**2 - 2*j + 3. Suppose -5*i = -47*i. Determine w(i).
3
Let d(a) = a**3 + 12*a**2 + 11*a - 4. Suppose 0 = 30*i + 19*i + 17 + 522. Determine d(i).
-4
Suppose 16*d + 800 = 944. Let k(j) = j**3 - 9*j**2 + 5. What is k(d)?
5
Let a(g) be the third derivative of g**4/24 - g**3/2 + g**2. Suppose 0 = -s - 5*p - 72, 40130*s + 2*p = 40131*s - 26. Calculate a(s).
-5
Let k(a) = 2*a**2 + a - 19. Let b(r) = 2*r**3 - 52*r**2 + 3*r - 83. Let x be b(26). Give k(x).
26
Let y(u) be the first derivative of u**5/120 - 5*u**4/12 + 6*u**3 + 97. Let d(w) be the third derivative of y(w). Determine d(11).
1
Let p(o) be the third derivative of -o**6/120 + o**5/60 + 29*o**4/24 - 3*o**3/2 + 1224*o**2 + 1. Give p(6).
-15
Suppose -8*c - 7*c + 150 = 0. Let k(p) = -2 - 9*p - c*p + 18*p + 3 - 4*p. Determine k(-1).
6
Let a(v) = 7930 + 7925 + v - 31721 + 7931 + 7926. Let q(l) = l**2 - 8*l + 10. Let z be q(7). Suppose -4*y - 3*f = -12 - z, -f = -2*y - 5. What is a(y)?
-9
Let n = -771 + 773. Let y(c) = -c**3 - 4*c + 3. Give y(n).
-13
Let j(t) be the second derivative of t**5/120 - t**4/6 + 143*t**3/6 + 5*t + 4. Let v(y) be the second derivative of j(y). Calculate v(-2).
-6
Suppose 0 = -0*m - 4*m + 12. Let n(j) = -j + 4*j + 489 + 488 - 975. What is n(m)?
11
Let n(h) be the third derivative of -1/6*h**4 - 3*h**2 + 0 + 10*h - 1/2*h**3. Calculate n(-2).
5
Let q(v) be the second derivative of 3*v**4/4 + v**3/3 + v**2/2 - v. Let y be 60596/44 - (-18)/(-99). Let z = -1378 + y. Calculate q(z).
8
Suppose -3*j + s + 48 = 0, -58*j + s = -63*j + 104. Let v(i) = -i**3 + 19*i**2 + i - 34. Calculate v(j).
-15
Let w(h) = -h**3 - 2*h**2 - 4*h - 9. Suppose y + 2*s + 1 = 0, -5*s + 74 - 69 = 0. What is w(y)?
12
Let d(a) = a**2 - 3*a - 7. Let k(w) = -w**3 - 14*w**2 - 19*w - 62. Let m be k(-13). Let z be (7/(-3))/(m/6 + -3). Give d(z).
21
Let s(t) = -t**3 + 4*t**2 - 2*t + 4. Suppose 2*m = 4*d - 496, 0 = 5*d - 15*m + 10*m - 615. Let a be d/30 - 2/12. Determine s(a).
-4
Let s(a) = a**2 + 3*a. Suppose 2*d = -3*d + 5*m + 10, 2*m = 3*d - 2. Let t be d/(-7) + (-117)/(-7). Suppose -3*v - 6 = 0, v - t = 3*r + 2*v. What is s(r)?
10
Let s(w) = 6*w - 74. Let q(k) = -k + 106. Let h be q(92). Calculate s(h).
10
Let o(p) = -2*p + 5. Let a(j) = j**2 - 19*j + 71. Let z be a(13). Let h(u) = 34*u + 244. Let r be h(z). What is o(r)?
-7
Let q(t) = -6*t - 2. Let d(w) = -102*w - 54. Let s(a) = d(a) - 18*q(a). Give s(-8).
-66
Let f(g) = -48*g**2 - 10*g + 17. Let w(a) = -39*a**2 - 9*a + 14. Let p(h) = 4*f(h) - 5*w(h). Give p(-8).
150
Let b(s) be the first derivative of -s**4/4 - s**3/3 + s**2/2 + s + 1. Let y be (-9)/2*(60/(-18) - -2). Let h be 5 + -15 + 2 + y. Calculate b(h).
3
Let b(k) = 6*k**2 + k. Let z(u) = 8*u**2 + 197*u + 44. Let p be z(-28). Let l = 802 - p. Give b(l).
26
Let w(z) = z**2 + 5*z + 11. Let t be -2*237/66 + (-58)/(-319). Determine w(t).
25
Let g(p) be the second derivative of -p**4 - 11*p**3/6 - 11*p**2/2 - 2*p - 106. Determine g(-1).
-12
Let k(i) = -i + 7. Let p(g) = -g**3 - 20*g**2 + 21*g + 3. Let a be (-374)/18 + 46/(-207). Let d be p(a). What is k(d)?
4
Let t(c) = -3*c**2 + c. Let a(o) = 10*o**2 - 10*o + 7. Let s(p) = a(p) + 2*t(p). Let i(d) = -d**2 + d - 2. Let n(v) = 2*i(v) + s(v). Determine n(4).
11
Suppose c + 166 = 2*c. Let s = c + -175. Let n(r) = -r**2 - 6*r + 7. Calculate n(s).
-20
Suppose 3*c + 2*c = 5, 5*s + c = -19. Let z be 6/((-4 - 116/(-32))*s). Let p(r) = r**3 - 3*r**2 - 3*r - 2. Determine p(z).
2
Let r be -8 + (0 - (-2 - -2)). Let g(w) = 1832407*w + 19 - 4 - 1832406*w. Determine g(r).
7
Let w(m) be the third derivative of -m**5/30 - 19*m**4/12 - 85*m**3/3 + 121*m**2 + 4*m - 1. Determine w(-11).
6
Let q(m) = m + 2. Let r = 16 + -11. Let o(h) = -h**3 + 4*h**2 + 6*h. Let x be o(r). Suppose 15 = 3*v + 3*i + 2*i, -v - 15 = -x*i. Give q(v).
2
Let z(s) = s**2 - 70*s - 38. Let x(i) = i**2 - 96*i - 45. Let d(u) = 3*x(u) - 4*z(u). Suppose -b - 2*b - 30 = 0. Calculate d(b).
-3
Let m(q) = -q**2 - q + 1. Let a(b) = -4*b**2 - 44*b + 82. Let y(x) = a(x) - 2*m(x). Determine y(-23).
-12
Let v(q) = q**2 - 2*q - 1. Let m(u) = 3*u**2 - 5*u - 2. Let p(w) = -m(w) + 2*v(w). Let n(c) = -10*c + 12. Let x(i) = -n(i) - p(i). Give x(-10).
-2
Let k(u) = -6*u + 197. Suppose 46359*h + 136 = 46363*h. Determine k(h).
-7
Let o(q) = -15*q - 35. Let x(k) = 24*k + 33. Let m(f) = 3*o(f) + 2*x(f). Give m(14).
3
Let u(y) = -454333*y - y**2 + 0*y**2 - 5 + 454330*y. Give u(8).
-93
Let b = -1545 + 1538. Let m(j) = 2*j**2 + j - 33. What is m(b)?
58
Suppose -6 - 4 = -2*s. Suppose 0 = -3*a - s*a + 8. Suppose k = a - 2. Let l(f) = 15*f**3 + f**2 - 1. What is l(k)?
-15
Let t(a) = -94487 + 94505 - 5*a - 4*a. Give t(4).
-18
Suppose 4*c - 2*k = 46, -5*k - 10 = c + 6. Suppose -6*u + 45 - c = 0. Let h(m) = -m**2 + 2*m + 7. Determine h(u).
-17
Suppose 85*l = 121*l + 36. Let q(y) = -17*y - 4. Determine q(l).
13
Let x(i) be the second derivative of i**4/6 - 17*i**3/6 - 5*i**2/2 + 62*i - 30. Determine x(9).
4
Let t(j) = -j**2 - 85*j - 1047. Let s be t(-15). Let y(c) = 3*c**2 - 21*c + 68. What is y(s)?
32
Let g(s) = -s + 8. Let z = 37 - 40. Let h be g(z). Let q(d) = 1 - h*d**3 + 0 + 17*d**3 - d**2 + 3*d - 7*d**3. Calculate q(-3).
10
Let m(u) = u**3 + 10*u**2 - 16*u - 27. Let k be -4*99/6*20/120. Determine m(k).
28
Let y(o) = -5*o**2 + o**2 - 9*o**2 - 39 + 42 + 7*o**2 - 25*o. Calculate y(-4).
7
Suppose -5*a = 3*u - 10, -5*a + u + 20 = -10. Let t(b) be the first derivative of -b**4/4 + 4*b**3/3 + 2*b**2 + 3*b - 55. Give t(a).
-2
Let n(a) = -2*a + 3. Let y be n(6). Let h(j) = 37*j - 8. Let s(o) = -9*o + 4. Let x(d) = h(d) + 4*s(d). Determine x(y).
-1
Let k(x) be the second derivative of -x**4/12 - 13*x**3/6 - 17*x**2/2 + 1492*x. Calculate k(-11).
5
Let h = -9 + 14. Let x(g) = 331*g + 6. Let s(f) = -37*f - 1. Let q(r) = -18*s(r) - 2*x(r). Calculate q(h).
26
Let p(a) = 5*a**3 - 17*a**2 - 9*a + 18. Let y(c) = -9*c**3 + 34*c**2 + 19*c - 36. Let k(q) = 11*p(q) + 6*y(q). Calculate k(-16).
-2
Let p(l) be the first derivative of l**7/420 + 13*l**6/360 - l**5/20 + 11*l**4/24 - l**3 + 80*l - 59. Let g(u) be the third derivative of p(u). What is g(-7)?
4
Let c(o) = -o**3 + 2*o**2 + 8*o - 9. Let r(x) = 5*x**2 + 11*x + 40. Let b(i) = i**2 + 2*i - 1. Let w(s) = -6*b(s) + r(s). Let k be w(6). Determine c(k).
-9
Let l(k) = -k**2 - 8*k - 4. Suppose 0 = -28*p + 25*p. Suppose 4*o + 20 = -2*y + 6*o, 2*y - o + 16 = p. Give l(y).
8
Let p(h) = h**2 - 9*h + 8. Let o = 177 - 298. Let z = o + 127. Calculate p(z).
-10
Let f(b) = 4*b - 6. Let z be f(4). Let h(x) = -10 - x + z. Let v(s) = 9*s - 10. Let l be v(1). Give h(l).
1
Let n(a) = 3*a - 4*a - 6*a + 47 + a. Let i be n(8). Let g(k) = -5*k**3 - 3*k**2 + k. Let u(x) = -x**3 - x**2. Let p(v) = -g(v) + 3*u(v). What is p(i)?
-1
Let a(f) be the second derivative of -f**7/2520 - f**6/120 + f**5/20 + 5*f**4/4 - 5*f**3/6 - 140*f. Let z(g) be the third derivative of a(g). Determine z(-6).
6
Let x(h) = -h**3 - 13*h**2 - 9*h - 20. Let r(a) = 11*a**2 - 178*a - 373. Let l be r(18). Determine x(l).
97
Let p(z) = -z**3 + 9*z**2 - z + 2. Let c = 204 + -200. Suppose c*i + o - 28 - 12 = 0, -2*i = 3*o - 30. Give p(i).
-7
Let s(h) = -5*h + 321 - 102 - 115 + 27*h**2 - 103. What is s(2)?
99
Let g(f) = 5*f**3 - 6*f**3 + 6*f**2 + 11 - 21 - 5*f + 9 + 7 + 4*f. Let b(a) = -a**3 + 3*a**2 + a. Let m be b(2). Determine g(m).
0
Let u = -3001 - -3008. Let z(i) = 3*i**2 + 21*i - 6. Let o(l) = -2*l**2 - 11*l + 3. Suppose -6*f = -f + 25. Let x(j) = f*o(j) - 3*z(j). What is x(u)?
-4
Let a(j) = -4*j - 22. Let h be 2*2 + 13 + -33 + 19. What is a(h)?
-34
Let i(r) = r**3 + 6*r**2 - r - 5. Suppose 3*v = -2*g + 542, 0 = -7*g + 4*g - 6. Let q = 63 - v. Let j be (-6*(-2)/(-14))/((-17)/q). Dete